{"id":41,"date":"2019-09-26T15:14:56","date_gmt":"2019-09-26T13:14:56","guid":{"rendered":"http:\/\/www.marionvagile.fr\/?page_id=41"},"modified":"2019-09-26T15:14:56","modified_gmt":"2019-09-26T13:14:56","slug":"comment-se-passe-une-consultation-dosteopathie","status":"publish","type":"page","link":"https:\/\/www.marionvagile.fr\/index.php\/comment-se-passe-une-consultation-dosteopathie\/","title":{"rendered":"Comment se passe une consultation d\u2019ost\u00e9opathie"},"content":{"rendered":"\n<p>Les consultations se font sur RDV.<\/p>\n\n\n\n<p>Vous n\u2019avez pas besoin d\u2019ordonnance pour consulter. Cependant si votre m\u00e9decin vous prescrit des examens compl\u00e9mentaires (radiographie, IRM, scanner, \u00e9chographie, prise de sang\u2026) il est pr\u00e9f\u00e9rable de les faire avant la consultation. Si vous en avez d\u00e9j\u00e0 fait m\u00eame il y a quelques ann\u00e9es, pensez \u00e0 les apporter afin d\u2019avoir une vision globale de votre suivi m\u00e9dical.<\/p>\n\n\n\n<p>Une s\u00e9ance d\u2019ost\u00e9opathie dure entre 45mn et une heure.<\/p>\n\n\n\n<p>La consultation commence par des questions concernant votre (vos) douleur(s) mais aussi vos ant\u00e9c\u00e9dents m\u00e9dicaux, vos loisirs et votre profession. Il est n\u00e9cessaire d\u2019avoir ces informations afin de mieux cerner ce que votre corps a v\u00e9cu et comment il fonctionne au quotidien. Pour un nourrisson ou un enfant, les questions porteront sur la grossesse, l\u2019accouchement et le d\u00e9veloppement de l\u2019enfant depuis sa naissance. Veillez \u00e0 prendre le carnet de sant\u00e9.<\/p>\n\n\n\n<p>Puis gr\u00e2ce \u00e0 des tests et des palpations, l\u2019ost\u00e9opathe va chercher et rep\u00e9rer les zones de tension ou blocage afin de comprendre d\u2019o\u00f9 la douleur ou la g\u00eane peut venir.<\/p>\n\n\n\n<p>Enfin vient la phase du traitement \u00e0 proprement parler gr\u00e2ce aux diff\u00e9rentes techniques toujours adapt\u00e9es \u00e0 vous, votre pass\u00e9 et votre douleur.<\/p>\n\n\n\n<p>Apr\u00e8s une s\u00e9ance, il est possible de ressentir une fatigue, quelques courbatures, frissons ou sensation de chaleur selon la zone trait\u00e9e.<\/p>\n\n\n\n<p>Il est conseill\u00e9 de ne pas pratiquer une activit\u00e9 sportive ou de loisir (jardinage\u2026) ou de porter des charges importantes entre 24 et 48h minimum apr\u00e8s une s\u00e9ance afin de laisser le temps au corps de retrouver son harmonie. Pensez-y lors de la prise de RDV.<\/p>\n","protected":false},"excerpt":{"rendered":"<p>Les consultations se font sur RDV. Vous n\u2019avez pas besoin d\u2019ordonnance pour consulter. Cependant si votre m\u00e9decin vous prescrit des examens compl\u00e9mentaires (radiographie, IRM, scanner, \u00e9chographie, prise de sang\u2026) il est pr\u00e9f\u00e9rable de les faire avant la consultation. Si vous en avez d\u00e9j\u00e0 fait m\u00eame il y a quelques ann\u00e9es, pensez \u00e0 les apporter afin [&hellip;]<\/p>\n","protected":false},"author":1,"featured_media":0,"parent":0,"menu_order":0,"comment_status":"closed","ping_status":"closed","template":"","meta":{"footnotes":""},"_links":{"self":[{"href":"https:\/\/www.marionvagile.fr\/index.php\/wp-json\/wp\/v2\/pages\/41"}],"collection":[{"href":"https:\/\/www.marionvagile.fr\/index.php\/wp-json\/wp\/v2\/pages"}],"about":[{"href":"https:\/\/www.marionvagile.fr\/index.php\/wp-json\/wp\/v2\/types\/page"}],"author":[{"embeddable":true,"href":"https:\/\/www.marionvagile.fr\/index.php\/wp-json\/wp\/v2\/users\/1"}],"replies":[{"embeddable":true,"href":"https:\/\/www.marionvagile.fr\/index.php\/wp-json\/wp\/v2\/comments?post=41"}],"version-history":[{"count":1,"href":"https:\/\/www.marionvagile.fr\/index.php\/wp-json\/wp\/v2\/pages\/41\/revisions"}],"predecessor-version":[{"id":42,"href":"https:\/\/www.marionvagile.fr\/index.php\/wp-json\/wp\/v2\/pages\/41\/revisions\/42"}],"wp:attachment":[{"href":"https:\/\/www.marionvagile.fr\/index.php\/wp-json\/wp\/v2\/media?parent=41"}],"curies":[{"name":"wp","href":"https:\/\/api.w.org\/{rel}","templated":true}]}}